{"id":80,"date":"2011-01-29T14:24:10","date_gmt":"2011-01-29T14:24:10","guid":{"rendered":"http:\/\/saareautogaas.ee\/?page_id=80"},"modified":"2011-03-30T19:53:33","modified_gmt":"2011-03-30T19:53:33","slug":"ohutusest","status":"publish","type":"page","link":"https:\/\/saareautogaas.ee\/?page_id=80","title":{"rendered":"Autogaas on ohutu"},"content":{"rendered":"<p><span style=\"font-size: small;\">Autogaasi turvalisus on k\u00f5rgem kui diiselk\u00fcttel ja bensiinil. Gaasipaagid on v\u00f5imelised taluma avarii olukorras tugevat l\u00f6\u00f6ki. Lekke korral sulguvad kaitseklapid k\u00fctuses\u00fcsteemis automaatselt.<!--more--> Autogaasil s\u00f5itva auto keskkonnas\u00f5bralik k\u00fcttes\u00fcsteem hoiab \u00e4ra k\u00fctuse raiskamise ja aurustumise.<\/span><\/p>\n<p><span style=\"font-size: small;\"><strong>Kas on olemas mingisugune oht, et gaasiballoon plahvatab v\u00f5i midagi muud juhtub?<\/strong><\/span><\/p>\n<p><span style=\"font-size: small;\">Gaasimahutid on sertifitseeritud k\u00f5ige karmimate euron\u00f5uete kohaselt ja teras mida kasutatakse on 4mm paksune. Gaas on t\u00e4pselt sama, mida kasutatakse kodus ja ka balloonid on samasugusest materjalist. Balloonid on t\u00e4iesti \u00fchtmoodi turvalised nii autos, kodus kui ka tanklates, kus gaasi m\u00fc\u00fcakse. Nad on t\u00e4iesti tavaline n\u00e4htus meie igap\u00e4evaelus.<\/span><\/p>\n<p><span style=\"font-size: small;\">Kui k\u00fcsite, kas gaasilekke korral on ka \u00e4ra suremise v\u00f5imalus? Siis vastame, et ei ole. K\u00f5ik torud viiakse v\u00e4ljastpoolt autot, salongi seest \u00fckski toru l\u00e4bi ei k\u00e4i. Klapid on paagi peal ja mootoriruumis, mis ohu korral k\u00f5ik sulguvad ja gaas j\u00e4\u00e4b oma anumasse.<\/span><\/p>\n<p><span style=\"font-size: small;\">V\u00f5ib tuua n\u00e4ite, et bensiinitorud on plastist ja maapinnale v\u00e4ga l\u00e4hedal, ora otsa s\u00f5ites v\u00f5ib bensiin maha jooksma hakata ja bensiini loik on oluliselt ohtlikum, kui kuskilt immitsev gaas. Gaasi jaoks on vaja ideaalset gaasi ja \u00f5hu segu, et ta plahvataks ja vabas \u00f5hus plahvatust v\u00f5imalik korraldada ei ole. Gaas iseenesest l\u00f5hnab, aga ei ole m\u00fcrgine. Seega, gaasiseadet karta ei ole vaja. Kui k\u00f5ik on korralikult ja profesionaalselt paigaldatud, siis ta t\u00f6\u00f6tab nagu m\u00f5te ja hoiab lihtsalt raha kokku.<\/span><\/p>\n<p><span style=\"font-size: small;\">Soovitame vaadata: <\/span><a href=\"http:\/\/www.youtube.com\/watch?v=pUAg5XQ7igo&amp;feature=fvst\">http:\/\/www.youtube.com\/watch?v=pUAg5XQ7igo&amp;feature=fvst<\/a><\/p>\n<p>Video esimeses osas sooritatakse kokkup\u00f5rke test autoga millele on paigaldatud gaasiseade. Testi tulemus n\u00e4itab ja kummutab eksiarvamuse, et gaasiseadmega auto v\u00f5ib kokkup\u00f5rke olukorras plahvatada. Video teises osas tekitatakse kunstlik tulekahju, kus t\u00f5estatakse samuti, et tulekahju olukorras gaasiseadmed on ohutud ja ei plahvata.<\/p>\n<p><strong>Gaasiseade on ohutu tarbija elule, tervisele ja varale.<\/strong><\/p>\n","protected":false},"excerpt":{"rendered":"<p>Autogaasi turvalisus on k\u00f5rgem kui diiselk\u00fcttel ja bensiinil. Gaasipaagid on v\u00f5imelised taluma avarii olukorras tugevat l\u00f6\u00f6ki. Lekke korral sulguvad kaitseklapid k\u00fctuses\u00fcsteemis automaatselt.<\/p>\n","protected":false},"author":1,"featured_media":0,"parent":0,"menu_order":0,"comment_status":"open","ping_status":"open","template":"","meta":{"footnotes":""},"_links":{"self":[{"href":"https:\/\/saareautogaas.ee\/index.php?rest_route=\/wp\/v2\/pages\/80"}],"collection":[{"href":"https:\/\/saareautogaas.ee\/index.php?rest_route=\/wp\/v2\/pages"}],"about":[{"href":"https:\/\/saareautogaas.ee\/index.php?rest_route=\/wp\/v2\/types\/page"}],"author":[{"embeddable":true,"href":"https:\/\/saareautogaas.ee\/index.php?rest_route=\/wp\/v2\/users\/1"}],"replies":[{"embeddable":true,"href":"https:\/\/saareautogaas.ee\/index.php?rest_route=%2Fwp%2Fv2%2Fcomments&post=80"}],"version-history":[{"count":12,"href":"https:\/\/saareautogaas.ee\/index.php?rest_route=\/wp\/v2\/pages\/80\/revisions"}],"predecessor-version":[{"id":82,"href":"https:\/\/saareautogaas.ee\/index.php?rest_route=\/wp\/v2\/pages\/80\/revisions\/82"}],"wp:attachment":[{"href":"https:\/\/saareautogaas.ee\/index.php?rest_route=%2Fwp%2Fv2%2Fmedia&parent=80"}],"curies":[{"name":"wp","href":"https:\/\/api.w.org\/{rel}","templated":true}]}}